[INFO] fetching crate tray-item 0.8.0...
[INFO] checking tray-item-0.8.0 against master#9610dfe5a9a731ced1ea4923ecbd0c57fe367898 for beta-170-4
[INFO] extracting crate tray-item 0.8.0 into /workspace/builds/worker-2-tc1/source
[INFO] validating manifest of crates.io crate tray-item 0.8.0 on toolchain 9610dfe5a9a731ced1ea4923ecbd0c57fe367898
[INFO] running `Command { std: CARGO_HOME="/workspace/cargo-home" RUSTUP_HOME="/workspace/rustup-home" "/workspace/cargo-home/bin/cargo" "+9610dfe5a9a731ced1ea4923ecbd0c57fe367898" "metadata" "--manifest-path" "Cargo.toml" "--no-deps", kill_on_drop: false }`
[INFO] started tweaking crates.io crate tray-item 0.8.0
[INFO] finished tweaking crates.io crate tray-item 0.8.0
[INFO] tweaked toml for crates.io crate tray-item 0.8.0 written to /workspace/builds/worker-2-tc1/source/Cargo.toml
[INFO] crate crates.io crate tray-item 0.8.0 already has a lockfile, it will not be regenerated
[INFO] running `Command { std: CARGO_HOME="/workspace/cargo-home" RUSTUP_HOME="/workspace/rustup-home" "/workspace/cargo-home/bin/cargo" "+9610dfe5a9a731ced1ea4923ecbd0c57fe367898" "fetch" "--manifest-path" "Cargo.toml", kill_on_drop: false }`
[INFO] [stderr]     Updating crates.io index
[INFO] [stderr]  Downloading crates ...
[INFO] [stderr]   Downloaded glib-macros v0.15.13
[INFO] [stderr]   Downloaded dbus-tree v0.9.2
[INFO] [stderr]   Downloaded libappindicator v0.7.1
[INFO] [stderr]   Downloaded libappindicator-sys v0.7.3
[INFO] [stderr]   Downloaded dbus-codegen v0.9.1
[INFO] [stderr]   Downloaded padlock v0.2.0
[INFO] [stderr]   Downloaded dbus v0.9.7
[INFO] [stderr]   Downloaded winnow v0.4.4
[INFO] [stderr]   Downloaded field-offset v0.3.5
[INFO] [stderr]   Downloaded ksni v0.1.3
[INFO] [stderr]   Downloaded libdbus-sys v0.2.5
[INFO] [stderr]   Downloaded system-deps v6.0.5
[INFO] [stderr]   Downloaded gtk3-macros v0.15.6
[INFO] running `Command { std: "docker" "create" "-v" "/var/lib/crater-agent-workspace/builds/worker-2-tc1/target:/opt/rustwide/target:rw,Z" "-v" "/var/lib/crater-agent-workspace/builds/worker-2-tc1/source:/opt/rustwide/workdir:ro,Z" "-v" "/var/lib/crater-agent-workspace/cargo-home:/opt/rustwide/cargo-home:ro,Z" "-v" "/var/lib/crater-agent-workspace/rustup-home:/opt/rustwide/rustup-home:ro,Z" "-e" "SOURCE_DIR=/opt/rustwide/workdir" "-e" "CARGO_TARGET_DIR=/opt/rustwide/target" "-e" "CARGO_HOME=/opt/rustwide/cargo-home" "-e" "RUSTUP_HOME=/opt/rustwide/rustup-home" "-w" "/opt/rustwide/workdir" "-m" "1610612736" "--user" "0:0" "--network" "none" "ghcr.io/rust-lang/crates-build-env/linux@sha256:19e73879b68f455e41552ea35293514db52ea292d993f571636dbffedb77a1ee" "/opt/rustwide/cargo-home/bin/cargo" "+9610dfe5a9a731ced1ea4923ecbd0c57fe367898" "metadata" "--no-deps" "--format-version=1", kill_on_drop: false }`
[INFO] [stdout] f5707c4e76bd09f1d301efe1847be3402ba8a4c2460d05d2758893523e22208f
[INFO] running `Command { std: "docker" "start" "-a" "f5707c4e76bd09f1d301efe1847be3402ba8a4c2460d05d2758893523e22208f", kill_on_drop: false }`
[INFO] running `Command { std: "docker" "inspect" "f5707c4e76bd09f1d301efe1847be3402ba8a4c2460d05d2758893523e22208f", kill_on_drop: false }`
[INFO] running `Command { std: "docker" "rm" "-f" "f5707c4e76bd09f1d301efe1847be3402ba8a4c2460d05d2758893523e22208f", kill_on_drop: false }`
[INFO] [stdout] f5707c4e76bd09f1d301efe1847be3402ba8a4c2460d05d2758893523e22208f
[INFO] running `Command { std: "docker" "create" "-v" "/var/lib/crater-agent-workspace/builds/worker-2-tc1/target:/opt/rustwide/target:rw,Z" "-v" "/var/lib/crater-agent-workspace/builds/worker-2-tc1/source:/opt/rustwide/workdir:ro,Z" "-v" "/var/lib/crater-agent-workspace/cargo-home:/opt/rustwide/cargo-home:ro,Z" "-v" "/var/lib/crater-agent-workspace/rustup-home:/opt/rustwide/rustup-home:ro,Z" "-e" "SOURCE_DIR=/opt/rustwide/workdir" "-e" "CARGO_TARGET_DIR=/opt/rustwide/target" "-e" "CARGO_INCREMENTAL=0" "-e" "RUST_BACKTRACE=full" "-e" "RUSTFLAGS=--cap-lints=forbid" "-e" "RUSTDOCFLAGS=--cap-lints=forbid" "-e" "CARGO_HOME=/opt/rustwide/cargo-home" "-e" "RUSTUP_HOME=/opt/rustwide/rustup-home" "-w" "/opt/rustwide/workdir" "-m" "1610612736" "--user" "0:0" "--network" "none" "ghcr.io/rust-lang/crates-build-env/linux@sha256:19e73879b68f455e41552ea35293514db52ea292d993f571636dbffedb77a1ee" "/opt/rustwide/cargo-home/bin/cargo" "+9610dfe5a9a731ced1ea4923ecbd0c57fe367898" "check" "--frozen" "--all" "--all-targets" "--message-format=json", kill_on_drop: false }`
[INFO] [stdout] d789ffea5162024c82bb14b956fb359de2bfda9b989b8c29e153877e437be9bb
[INFO] running `Command { std: "docker" "start" "-a" "d789ffea5162024c82bb14b956fb359de2bfda9b989b8c29e153877e437be9bb", kill_on_drop: false }`
[INFO] [stderr]     Blocking waiting for file lock on package cache
[INFO] [stderr]     Checking tray-item v0.8.0 (/opt/rustwide/workdir)
[INFO] [stdout] error[E0433]: failed to resolve: could not find `TrayItemImpl` in `api`
[INFO] [stdout]   --> src/lib.rs:30:22
[INFO] [stdout]    |
[INFO] [stdout] 30 |         Ok(Self(api::TrayItemImpl::new(title, icon)?))
[INFO] [stdout]    |                      ^^^^^^^^^^^^ could not find `TrayItemImpl` in `api`
[INFO] [stdout] 
[INFO] [stdout] 
[INFO] [stdout] error[E0433]: failed to resolve: could not find `TrayItemImpl` in `api`
[INFO] [stdout]   --> src/lib.rs:30:22
[INFO] [stdout]    |
[INFO] [stdout] 30 |         Ok(Self(api::TrayItemImpl::new(title, icon)?))
[INFO] [stdout]    |                      ^^^^^^^^^^^^ could not find `TrayItemImpl` in `api`
[INFO] [stdout] 
[INFO] [stdout] 
[INFO] [stdout] error[E0412]: cannot find type `TrayItemImpl` in module `api`
[INFO] [stdout]  --> src/lib.rs:5:26
[INFO] [stdout]   |
[INFO] [stdout] 5 | pub struct TrayItem(api::TrayItemImpl);
[INFO] [stdout]   |                          ^^^^^^^^^^^^ not found in `api`
[INFO] [stdout] 
[INFO] [stdout] 
[INFO] [stdout] error[E0412]: cannot find type `TrayItemImpl` in module `api`
[INFO] [stdout]  --> src/lib.rs:5:26
[INFO] [stdout]   |
[INFO] [stdout] 5 | pub struct TrayItem(api::TrayItemImpl);
[INFO] [stdout]   |                          ^^^^^^^^^^^^ not found in `api`
[INFO] [stdout] 
[INFO] [stdout] 
[INFO] [stdout] error[E0412]: cannot find type `TrayItemImpl` in module `api`
[INFO] [stdout]   --> src/lib.rs:48:46
[INFO] [stdout]    |
[INFO] [stdout] 48 |     pub fn inner_mut(&mut self) -> &mut api::TrayItemImpl {
[INFO] [stdout]    |                                              ^^^^^^^^^^^^ not found in `api`
[INFO] [stdout] 
[INFO] [stdout] 
[INFO] [stdout] error[E0412]: cannot find type `TrayItemImpl` in module `api`
[INFO] [stdout]   --> src/lib.rs:48:46
[INFO] [stdout]    |
[INFO] [stdout] 48 |     pub fn inner_mut(&mut self) -> &mut api::TrayItemImpl {
[INFO] [stdout]    |                                              ^^^^^^^^^^^^ not found in `api`
[INFO] [stdout] 
[INFO] [stdout] 
[INFO] [stdout] error: aborting due to 3 previous errors
[INFO] [stdout] 
[INFO] [stdout] 
[INFO] [stdout] Some errors have detailed explanations: E0412, E0433.
[INFO] [stdout] 
[INFO] [stdout] For more information about an error, try `rustc --explain E0412`.
[INFO] [stdout] 
[INFO] [stdout] error: aborting due to 3 previous errors
[INFO] [stdout] 
[INFO] [stdout] 
[INFO] [stdout] Some errors have detailed explanations: E0412, E0433.
[INFO] [stdout] 
[INFO] [stdout] For more information about an error, try `rustc --explain E0412`.
[INFO] [stdout] 
[INFO] [stderr] error: could not compile `tray-item` (lib) due to 4 previous errors
[INFO] [stderr] warning: build failed, waiting for other jobs to finish...
[INFO] [stderr] error: could not compile `tray-item` (lib test) due to 4 previous errors
[INFO] running `Command { std: "docker" "inspect" "d789ffea5162024c82bb14b956fb359de2bfda9b989b8c29e153877e437be9bb", kill_on_drop: false }`
[INFO] running `Command { std: "docker" "rm" "-f" "d789ffea5162024c82bb14b956fb359de2bfda9b989b8c29e153877e437be9bb", kill_on_drop: false }`
[INFO] [stdout] d789ffea5162024c82bb14b956fb359de2bfda9b989b8c29e153877e437be9bb
